 u(w) = -w**3 + 115. Let z be u(0). Suppose -5*p + 0 = -z. Suppose -199 = -3*j + m, -3*j + 3*m + 84 = -105. What is the remainder when j is divided by p?
22
Let g(k) be the first derivative of 2*k**3 + k**2/2 - 2*k + 2. Calculate the remainder when g(2) is divided by 13.
11
Let c(n) = 19*n**3 - n**2 + 1. Let q be c(1). Suppose 0*h + 60 = j + 3*h, 4*j + 5*h - 275 = 0. What is the remainder when j is divided by q + 0*(-3)/6?
18
Suppose m - u = -3*m + 8, 0 = 3*m - 5*u - 6. Suppose m*w - z + 6*z = 54, -20 = -5*z. Calculate the remainder when 64 is divided by w.
13
Let m = -26 - -30. Suppose -55 = -f - m*f. Let g(h) = h**3 + 15*h**2 + 14*h + 7. Calculate the remainder when f is divided by g(-14).
4
Let y(z) = -10*z**3 + 5*z**2 + 5*z. Calculate the remainder when 209 is divided by y(-1).
9
Let d = 2 - 0. Let v(f) be the second derivative of f**4/4 - f**3/2 + f**2 + 9*f. What is the remainder when 31 is divided by v(d)?
7
Suppose -5*l + 210 = 5*a, 6*l + 0*a - 3*a = 270. What is the remainder when 69 is divided by l?
25
Let t(j) = -j**2 - 8*j + 24. Let r be t(-10). Suppose -r*l + 364 = -0*l. Calculate the remainder when l is divided by 23.
22
Let j = -471 - -559. Calculate the remainder when j is divided by 15.
13
Suppose d = -0*d. Suppose 2*h + d*h = 6. Suppose -5*z + 219 - 44 = -h*g, 3*g = -z + 35. Calculate the remainder when z is divided by 12.
11
Let j = -11 - -17. Calculate the remainder when 10 is divided by -3 - j*8/(-6).
0
Let z(i) = 2*i**3 + 12*i**2 + i - 25. Calculate the remainder when 294 is divided by z(-5).
14
Let r(v) = -v**3 - 6*v**2 + v + 6. Let d = -5 + -1. Let x be r(d). Suppose 2 + x = t. What is the remainder when t is divided by 1?
0
Let p(o) = o**3 - 6*o**2 - o + 1. Let h be p(6). Let q(v) = -1 - 2 + 18*v + 10 - 26*v. Calculate the remainder when q(h) is divided by 12.
11
Let i(r) = -r**2 + 17*r - 8. Let o be i(16). Calculate the remainder when 36 is divided by (-1)/((-6)/o)*15.
16
Suppose -2*l + 156 = 3*v, v - l - 208 = -3*v. Suppose 3*a + a - v = 0. Calculate the remainder when a is divided by 5.
3
Suppose 7 = 2*z - 15. Suppose -10*j + z*j = 101. Let l = j - 55. Calculate the remainder when l is divided by 16.
14
Let h = 2 + -2. Suppose h = -3*o - 14 - 13. Let f(n) = -2*n + 3. Calculate the remainder when f(o) is divided by 8.
5
Suppose -8*v + 452 = -44. Calculate the remainder when v is divided by 9.
8
Let b = 109 + -66. Let i(f) = f**3 + 9*f**2 + 7*f + 14. Let s be (2/1)/((-11)/(-4) + -3). Calculate the remainder when b is divided by i(s).
21
Let f(u) = u**3 - 25*u**2 - u + 53. Suppose -6 = -w - 3, 119 = 5*z - 2*w. Calculate the remainder when f(z) is divided by 6.
4
Suppose 10*t = l + 5*t - 50, 0 = -2*l + 3*t + 72. Calculate the remainder when l is divided by 20.
10
What is the remainder when (-2881)/(-43) + -1 + 2 is divided by 18?
14
Suppose 0 = -3*d + 9, 2*d + 25 = q - 15. Let g = 77 - q. Calculate the remainder when g is divided by 11.
9
Let j = 83 - 46. Suppose 87 = c + 2*c. Let v = c + -16. What is the remainder when j is divided by v?
11
Let q = 315 + -285. Calculate the remainder when q is divided by 16.
14
Suppose 9 + 19 = 2*o. Suppose 60 = z + v, 2*z + 185 = 5*z + 4*v. What is the remainder when z is divided by o?
13
Let k be 2/(306/75 - 4). Suppose -5*c = -5*v + 140, -v - 2*c = -0*c - k. Calculate the remainder when v is divided by 7.
6
Let j = -7 - 8. Suppose -9*h - 45 = 9. What is the remainder when (-48)/(-10)*j/h is divided by 3?
0
Let u = 23 + -6. Calculate the remainder when u is divided by 5.
2
Let a(f) = 5*f - 39. Calculate the remainder when a(25) is divided by 15.
11
Let u(o) = -o**3 - 2*o**2 - o - 14. Let a be u(0). Let s = a + 18. Calculate the remainder when s is divided by 3.
1
Let n = -43 + 62. Suppose 3*x = 2*h - 127, 3*h - 198 = -2*x + 25. Let k = 146 - h. Calculate the remainder when k is divided by n.
18
Suppose 0 = 12*q - 13*q + 3*i + 29, 5*q = 2*i + 119. Suppose -5*s + q + 27 = 0. Calculate the remainder when 16 is divided by s.
6
Suppose -8*y + 1146 = 218. What is the remainder when y is divided by 59?
57
Suppose 10*a + 4 = 214. Calculate the remainder when 250 is divided by a.
19
Calculate the remainder when 45 is divided by (-2120)/(-180) - 4/(-18).
9
Suppose -6*v + 2*v + 216 = 0. Suppose 0 = -d - 4*m + 19, 0 = 4*d + m - 7 - 9. What is the remainder when v is divided by 28/d*15/10?
12
Suppose -12 = -2*p + 2*v, 7 + 17 = 5*p - 3*v. Suppose 3 - 21 = p*o. Let h = o + 17. What is the remainder when h is divided by 7?
4
Suppose -2*y - 17 = -3*m, -y + m = 3*y + 39. Let t = y + 21. Calculate the remainder when 41 is divided by t.
8
Let x = -400 - -484. Calculate the remainder when 143 is divided by x.
59
What is the remainder when (12 - 936/32)/(6/(-8)) is divided by 4?
3
What is the remainder when 252 is divided by (-2007)/(-27) + -5 - (-16)/(-12)?
48
Suppose 2*u - u - 202 = 0. Let q = -167 + 43. Let i = q + u. Calculate the remainder when i is divided by 20.
18
Suppose 5*i + 5*y = 0, 4 = 3*i - y - 12. Suppose i*u + 5*c = 604, -2*c + 19 = -5*u + 741. Calculate the remainder when u is divided by 49.
48
Suppose 2*q + q = 0. Suppose -4*g + 8 = 0, 3*f - 2*f + 2*g - 10 = 0. What is the remainder when 12 + q + (9 - 10) is divided by f?
5
Let a be (126/(-35))/((-3)/10). Let i be ((-45)/(-6))/(a/(-16)). Let c = 12 - i. What is the remainder when 63 is divided by c?
19
Suppose 5*j = 413 + 932. Calculate the remainder when j is divided by 16.
13
Let l be -13*-3*(-2)/(-6). Suppose 0 = -16*z + l*z + 261. What is the remainder when z is divided by 30?
27
Let d = 162 - 120. What is the remainder when d is divided by 37?
5
Let d(s) = s**2 + s + 2. Suppose -5*n - 6 = -3*p, 4*p - 2*n - 5 - 3 = 0. Suppose -p*k + 47 - 1 = 0. What is the remainder when k is divided by d(2)?
7
Suppose 0 = -2*a - 2*u + 138, 2*u + u + 12 = 0. Suppose 5*o - 3*o + 5*l = 43, 5*o = -l + a. Calculate the remainder when 159*3*2/18 is divided by o.
11
Let n(h) be the third derivative of -h**4/2 - 7*h**3 - 14*h**2. Calculate the remainder when 88 is divided by n(-6).
28
Let l = -67 - -87. What is the remainder when 1183/21 + 4/6 is divided by l?
17
Let d = -241 + 384. What is the remainder when d is divided by 37?
32
Let r be ((-6)/(-9))/(4/42). Suppose r = a - 1. Let s = -13 - -43. Calculate the remainder when s is divided by a.
6
Let c(d) = -53*d**3 - d**2 + 1. Suppose 2*r + 2*z + z - 27 = 0, 4*z = -2*r + 32. Calculate the remainder when c(-1) is divided by r/(-15) + 231/15 + 3.
17
Calculate the remainder when 168 is divided by 56 + 11*2/22.
54
Suppose 0*i - 2*i - 2*c = -440, 2*i = 4*c + 428. Suppose 4*p - 2*f = i, 6*p - 250 = p - 2*f. Calculate the remainder when 154 is divided by p.
50
Let t = 28 + -24. Suppose t*p + 15 = 39. What is the remainder when 21 is divided by p?
3
Let o = 397 + -366. Calculate the remainder when 63 is divided by o.
1
Suppose -3*v + 41*i = 44*i - 51, -2*v + 3*i = -34. What is the remainder when v is divided by (1 + (-2)/6)*15?
7
Let p(o) = -5*o + 130. Calculate the remainder when p(20) is divided by 1.
0
Let p(o) = -6*o - 1. Let b be p(-1). Suppose -b*n = -i - 3 + 25, -i = -3*n - 18. Suppose -i*j + 7*j + 80 = 0. What is the remainder when 62 is divided by j?
14
Suppose 37*d = 30*d + 4536. Calculate the remainder when d is divided by 93.
90
Let t = 316 + -678. What is the remainder when (-6)/(-8) + t/(-8) is divided by 16?
14
Suppose 20 = -u - 0*u. Let q(r) = r**3 + 20*r**2 + r + 26. Let n be q(u). Suppose 41 = j + n. Calculate the remainder when j is divided by 18.
17
Suppose -2*k - 330 = 2*w - 7*w, -2*k + 54 = w. Calculate the remainder when 316 is divided by w.
60
Let f(b) = b**3 + 33*b**2 - 38*b + 30. Calculate the remainder when f(-34) is divided by 21.
19
What is the remainder when 43 is divided by 3 + 14 - (6/(-3) - -2)?
9
Let t = 7 - -57. What is the remainder when t is divided by (-5 - 0)*(-10 - -5) + -3?
20
Suppose -4321 = -4*q - 3*l, 2*l = 2*q - l - 2147. Calculate the remainder when (q/(-56))/(1/(-4)) is divided by 17.
9
Let l = 183 - 95. Let u = 175 - l. What is the remainder when (-1 - u/(-9))*3 is divided by 9?
8
Let z = 41 - 37. Suppose -6*a = -z*a - 52. What is the remainder when 50 is divided by a?
24
Let r(j) = -7*j**2 - 47*j - 11. Calculate the remainder when 202 is divided by r(-6).
12
Su